 when 143 is divided by 51.
41
What is the remainder when 125 is divided by 18?
17
What is the remainder when 518 is divided by 475?
43
What is the remainder when 152 is divided by 26?
22
What is the remainder when 169 is divided by 26?
13
What is the remainder when 115 is divided by 104?
11
What is the remainder when 2629 is divided by 859?
52
What is the remainder when 157 is divided by 28?
17
Calculate the remainder when 2253 is divided by 47.
44
Calculate the remainder when 44 is divided by 13.
5
Calculate the remainder when 134 is divided by 42.
8
Calculate the remainder when 751 is divided by 58.
55
What is the remainder when 525 is divided by 28?
21
Calculate the remainder when 171 is divided by 8.
3
Calculate the remainder when 1693 is divided by 15.
13
Calculate the remainder when 198 is divided by 10.
8
Calculate the remainder when 188 is divided by 13.
6
Calculate the remainder when 991 is divided by 249.
244
What is the remainder when 5573 is divided by 34?
31
Calculate the remainder when 726 is divided by 240.
6
What is the remainder when 177 is divided by 68?
41
Calculate the remainder when 129 is divided by 115.
14
Calculate the remainder when 4199 is divided by 56.
55
Calculate the remainder when 76 is divided by 34.
8
What is the remainder when 4424 is divided by 10?
4
Calculate the remainder when 28 is divided by 18.
10
What is the remainder when 10829 is divided by 5?
4
Calculate the remainder when 250 is divided by 71.
37
What is the remainder when 2350 is divided by 13?
10
What is the remainder when 1017 is divided by 4?
1
Calculate the remainder when 267 is divided by 55.
47
What is the remainder when 469 is divided by 202?
65
What is the remainder when 613 is divided by 28?
25
What is the remainder when 162 is divided by 28?
22
What is the remainder when 81 is divided by 61?
20
What is the remainder when 1586 is divided by 76?
66
What is the remainder when 142 is divided by 85?
57
Calculate the remainder when 60 is divided by 17.
9
What is the remainder when 633 is divided by 315?
3
What is the remainder when 17 is divided by 10?
7
Calculate the remainder when 236 is divided by 55.
16
What is the remainder when 266 is divided by 62?
18
Calculate the remainder when 90 is divided by 25.
15
What is the remainder when 713 is divided by 64?
9
What is the remainder when 131 is divided by 70?
61
What is the remainder when 572 is divided by 166?
74
Calculate the remainder when 318 is divided by 84.
66
Calculate the remainder when 919 is divided by 418.
83
Calculate the remainder when 166 is divided by 57.
52
Calculate the remainder when 1186 is divided by 269.
110
Calculate the remainder when 806 is divided by 9.
5
Calculate the remainder when 40 is divided by 24.
16
What is the remainder when 108 is divided by 23?
16
Calculate the remainder when 56 is divided by 23.
10
What is the remainder when 121 is divided by 46?
29
Calculate the remainder when 31 is divided by 28.
3
Calculate the remainder when 247 is divided by 235.
12
What is the remainder when 3020 is divided by 57?
56
What is the remainder when 454 is divided by 441?
13
What is the remainder when 4709 is divided by 395?
364
What is the remainder when 1496 is divided by 12?
8
Calculate the remainder when 93 is divided by 53.
40
Calculate the remainder when 338 is divided by 111.
5
What is the remainder when 2159 is divided by 72?
71
Calculate the remainder when 584 is divided by 199.
186
Calculate the remainder when 703 is divided by 52.
27
Calculate the remainder when 7823 is divided by 91.
88
Calculate the remainder when 16845 is divided by 36.
33
Calculate the remainder when 1374 is divided by 1338.
36
What is the remainder when 253 is divided by 8?
5
What is the remainder when 464 is divided by 67?
62
Calculate the remainder when 240 is divided by 77.
9
What is the remainder when 1335 is divided by 71?
57
Calculate the remainder when 44 is divided by 16.
12
What is the remainder when 108 is divided by 28?
24
What is the remainder when 175 is divided by 86?
3
Calculate the remainder when 113 is divided by 41.
31
Calculate the remainder when 6137 is divided by 5.
2
Calculate the remainder when 176 is divided by 15.
11
Calculate the remainder when 154 is divided by 47.
13
Calculate the remainder when 2564 is divided by 636.
20
What is the remainder when 302 is divided by 38?
36
Calculate the remainder when 253 is divided by 16.
13
Calculate the remainder when 1335 is divided by 1326.
9
What is the remainder when 645 is divided by 24?
21
Calculate the remainder when 1376 is divided by 44.
12
What is the remainder when 876 is divided by 132?
84
Calculate the remainder when 211 is divided by 69.
4
Calculate the remainder when 467 is divided by 155.
2
What is the remainder when 986 is divided by 26?
24
What is the remainder when 726 is divided by 9?
6
Calculate the remainder when 1161 is divided by 14.
13
What is the remainder when 265 is divided by 39?
31
What is the remainder when 585 is divided by 59?
54
Calculate the remainder when 450 is divided by 156.
138
Calculate the remainder when 1391 is divided by 153.
14
Calculate the remainder when 362 is divided by 33.
32
Calculate the remainder when 1108 is divided by 124.
116
Calculate the remainder when 9773 is divided by 15.
8
What is the remainder when 26 is divided by 24?
2
Calculate the remainder when 593 is divided by 27.
26
What is the remainder when 637 is divided by 9?
7
Calculate the remainder when 855 is divided by 22.
19
Calculate the remainder when 401 is divided by 15.
11
What is the remainder when 928 is divided by 22?
4
Calculate the remainder when 2463 is divided by 130.
123
Calculate the remainder when 172 is divided by 25.
22
What is the remainder when 100 is divided by 17?
15
Calculate the remainder when 589 is divided by 101.
84
Calculate the remainder when 606 is divided by 8.
6
Calculate the remainder when 171 is divided by 23.
10
What is the remainder when 480 is divided by 3?
0
What is the remainder when 354 is divided by 45?
39
What is the remainder when 678 is divided by 18?
12
Calculate the remainder when 79 is divided by 15.
4
What is the remainder when 315 is divided by 272?
43
Calculate the remainder when 135 is divided by 20.
15
What is the remainder when 672 is divided by 25?
22
Calculate the remainder when 56 is divided by 6.
2
Calculate the remainder when 174 is divided by 11.
9
What is the remainder when 604 is divided by 153?
145
What is the remainder when 29 is divided by 7?
1
What is the remainder when 429 is divided by 119?
72
Calculate the remainder when 215 is divided by 34.
11
Calculate the remainder when 720 is divided by 90.
0
What is the remainder when 188 is divided by 10?
8
What is the remainder when 278 is divided by 263?
15
What is the remainder when 55 is divided by 49?
6
What is the remainder when 124 is divided by 22?
14
Calculate the remainder when 3386 is divided by 6.
2
Calculate the remainder when 25 is divided by 13.
12
What is the remainder when 1139 is divided by 76?
75
Calculate the remainder when 68 is divided by 28.
12
What is the remainder when 1656 is divided by 21?
18
What is the remainder when 2566 is divided by 112?
102
Calculate the remainder when 817 is divided by 125.
67
What is the remainder when 246 is divided by 118?
10
Calculate the remainder when 1206 is divided by 64.
54
Calculate the remainder when 607 is divided by 47.
43
What is the remainder when 46 is divided by 35?
11
Calculate the remainder when 100 is divided by 56.
44
What is the remainder when 1311 is divided by 323?
19
Calculate the remainder when 843 is divided by 37.
29
What is the remainder when 901 is divided by 56?
5
What is the remainder when 1344 is divided by 1326?
18
What is the remainder when 479 is divided by 12?
11
What is the remainder when 21853 is divided by 465?
463
What is the remainder when 97 is divided by 11?
9
What is the remainder when 594 is divided by 65?
9
Calculate the remainder when 606 is divided by 149.
10
Calculate the remainder when 318 is divided by 11.
10
Calculate the remainder when 390 is divided by 174.
42
What is the remainder when 222 is divided by 66?
24
What is the remainder when 524 is divided by 32?
12
Calculate the remainder when 1129 is d